{"id":272,"date":"2023-12-06T23:06:56","date_gmt":"2023-12-06T23:06:56","guid":{"rendered":"https:\/\/pommecactus-bordeaux.fr\/?page_id=272"},"modified":"2026-03-20T12:01:24","modified_gmt":"2026-03-20T12:01:24","slug":"notre-equipe","status":"publish","type":"page","link":"https:\/\/pommecactus-bordeaux.fr\/index.php\/notre-equipe\/","title":{"rendered":"L&rsquo;\u00e9quipe"},"content":{"rendered":"<p>[et_pb_section fb_built=\u00a0\u00bb1&Prime; fullwidth=\u00a0\u00bbon\u00a0\u00bb disabled_on=\u00a0\u00bboff|off|off\u00a0\u00bb admin_label=\u00a0\u00bbHero\u00a0\u00bb _builder_version=\u00a0\u00bb4.23&Prime; background_color=\u00a0\u00bb#1f1f1f\u00a0\u00bb parallax=\u00a0\u00bbon\u00a0\u00bb custom_padding=\u00a0\u00bb|||\u00a0\u00bb transparent_background=\u00a0\u00bbon\u00a0\u00bb global_colors_info=\u00a0\u00bb{}\u00a0\u00bb][et_pb_fullwidth_header title=\u00a0\u00bbL&rsquo;\u00e9quipe Pomme Cactus Bordeaux\u00a0\u00bb text_orientation=\u00a0\u00bbcenter\u00a0\u00bb header_fullscreen=\u00a0\u00bbon\u00a0\u00bb header_scroll_down=\u00a0\u00bbon\u00a0\u00bb scroll_down_icon=\u00a0\u00bb%%0%%\u00a0\u00bb scroll_down_icon_color=\u00a0\u00bb#ffffff\u00a0\u00bb scroll_down_icon_size=\u00a0\u00bb32px\u00a0\u00bb button_two_url=\u00a0\u00bbcontact@pommecactus-bordeaux.fr\u00a0\u00bb background_overlay_color=\u00a0\u00bbrgba(31,31,31,0.8)\u00a0\u00bb subhead_font_color=\u00a0\u00bb#bebebe\u00a0\u00bb _builder_version=\u00a0\u00bb4.23&Prime; title_font=\u00a0\u00bbPlayfair Display||||||||\u00a0\u00bb title_text_align=\u00a0\u00bbcenter\u00a0\u00bb title_text_color=\u00a0\u00bb#ffffff\u00a0\u00bb title_font_size=\u00a0\u00bb55px\u00a0\u00bb title_line_height=\u00a0\u00bb1.3em\u00a0\u00bb content_font=\u00a0\u00bbMontserrat||||\u00a0\u00bb content_text_color=\u00a0\u00bb#bfbfbf\u00a0\u00bb content_font_size=\u00a0\u00bb19px\u00a0\u00bb content_line_height=\u00a0\u00bb1.8em\u00a0\u00bb subhead_font=\u00a0\u00bbArima Madurai||||||||\u00a0\u00bb subhead_text_color=\u00a0\u00bb#bebebe\u00a0\u00bb subhead_font_size=\u00a0\u00bb30px\u00a0\u00bb subhead_line_height=\u00a0\u00bb1.8em\u00a0\u00bb background_color=\u00a0\u00bbrgba(255, 255, 255, 0)\u00a0\u00bb background_image=\u00a0\u00bbhttps:\/\/pommecactus-bordeaux.fr\/wp-content\/uploads\/2023\/12\/A7B02917-scaled.jpeg\u00a0\u00bb parallax=\u00a0\u00bbon\u00a0\u00bb parallax_method=\u00a0\u00bbon\u00a0\u00bb custom_button_one=\u00a0\u00bbon\u00a0\u00bb button_one_text_size=\u00a0\u00bb15px\u00a0\u00bb button_one_text_color=\u00a0\u00bb#FFFFFF\u00a0\u00bb button_one_border_width=\u00a0\u00bb2px\u00a0\u00bb button_one_border_color=\u00a0\u00bb#FFFFFF\u00a0\u00bb button_one_border_radius=\u00a0\u00bb0px\u00a0\u00bb button_one_letter_spacing=\u00a0\u00bb1px\u00a0\u00bb button_one_font=\u00a0\u00bbMontserrat|||on|\u00a0\u00bb button_one_use_icon=\u00a0\u00bboff\u00a0\u00bb custom_button_two=\u00a0\u00bbon\u00a0\u00bb button_two_text_size=\u00a0\u00bb15px\u00a0\u00bb button_two_text_color=\u00a0\u00bb#ffffff\u00a0\u00bb button_two_bg_color=\u00a0\u00bb#49d4a9&Prime; button_two_border_width=\u00a0\u00bb2px\u00a0\u00bb button_two_border_color=\u00a0\u00bb#49d4a9&Prime; button_two_border_radius=\u00a0\u00bb0px\u00a0\u00bb button_two_letter_spacing=\u00a0\u00bb1px\u00a0\u00bb button_two_font=\u00a0\u00bbMontserrat|||on|\u00a0\u00bb button_two_use_icon=\u00a0\u00bboff\u00a0\u00bb animation_style=\u00a0\u00bbzoom\u00a0\u00bb animation_duration=\u00a0\u00bb1500ms\u00a0\u00bb animation_intensity_zoom=\u00a0\u00bb4%\u00a0\u00bb title_line_height_last_edited=\u00a0\u00bboff|desktop\u00a0\u00bb button_one_border_radius_hover=\u00a0\u00bb0px\u00a0\u00bb button_one_letter_spacing_hover=\u00a0\u00bb1px\u00a0\u00bb button_two_letter_spacing_hover=\u00a0\u00bb1px\u00a0\u00bb global_colors_info=\u00a0\u00bb{}\u00a0\u00bb button_one_text_size__hover_enabled=\u00a0\u00bboff\u00a0\u00bb button_two_text_size__hover_enabled=\u00a0\u00bboff\u00a0\u00bb button_one_text_color__hover_enabled=\u00a0\u00bboff\u00a0\u00bb button_two_text_color__hover_enabled=\u00a0\u00bboff\u00a0\u00bb button_one_border_width__hover_enabled=\u00a0\u00bboff\u00a0\u00bb button_two_border_width__hover_enabled=\u00a0\u00bboff\u00a0\u00bb button_one_border_color__hover_enabled=\u00a0\u00bboff\u00a0\u00bb button_two_border_color__hover_enabled=\u00a0\u00bboff\u00a0\u00bb button_one_border_radius__hover_enabled=\u00a0\u00bbon\u00a0\u00bb button_one_border_radius__hover=\u00a0\u00bb0px\u00a0\u00bb button_two_border_radius__hover_enabled=\u00a0\u00bboff\u00a0\u00bb button_one_letter_spacing__hover_enabled=\u00a0\u00bbon\u00a0\u00bb button_one_letter_spacing__hover=\u00a0\u00bb1px\u00a0\u00bb button_two_letter_spacing__hover_enabled=\u00a0\u00bbon\u00a0\u00bb button_two_letter_spacing__hover=\u00a0\u00bb1px\u00a0\u00bb button_one_bg_color__hover_enabled=\u00a0\u00bboff\u00a0\u00bb button_two_bg_color__hover_enabled=\u00a0\u00bboff\u00a0\u00bb][\/et_pb_fullwidth_header][\/et_pb_section][et_pb_section fb_built=\u00a0\u00bb1&Prime; _builder_version=\u00a0\u00bb4.23&Prime; _module_preset=\u00a0\u00bbdefault\u00a0\u00bb custom_padding=\u00a0\u00bb||2px|||\u00a0\u00bb global_colors_info=\u00a0\u00bb{}\u00a0\u00bb][et_pb_row _builder_version=\u00a0\u00bb4.23&Prime; _module_preset=\u00a0\u00bbdefault\u00a0\u00bb global_colors_info=\u00a0\u00bb{}\u00a0\u00bb][et_pb_column type=\u00a0\u00bb4_4&Prime; _builder_version=\u00a0\u00bb4.23&Prime; _module_preset=\u00a0\u00bbdefault\u00a0\u00bb global_colors_info=\u00a0\u00bb{}\u00a0\u00bb][et_pb_text _builder_version=\u00a0\u00bb4.23&Prime; _module_preset=\u00a0\u00bbdefault\u00a0\u00bb text_font=\u00a0\u00bbArima Madurai||||||||\u00a0\u00bb text_text_color=\u00a0\u00bb#024959&Prime; header_2_text_color=\u00a0\u00bb#024959&Prime; header_2_font_size=\u00a0\u00bb28px\u00a0\u00bb global_colors_info=\u00a0\u00bb{}\u00a0\u00bb]<\/p>\n<h2 style=\"text-align: center;\">A la rencontre du trio gourmands de Pomme Cactus Bordeaux<\/h2>\n<p>[\/et_pb_text][\/et_pb_column][\/et_pb_row][et_pb_row _builder_version=\u00a0\u00bb4.23&Prime; _module_preset=\u00a0\u00bbdefault\u00a0\u00bb global_colors_info=\u00a0\u00bb{}\u00a0\u00bb][et_pb_column type=\u00a0\u00bb4_4&Prime; _builder_version=\u00a0\u00bb4.23&Prime; _module_preset=\u00a0\u00bbdefault\u00a0\u00bb global_colors_info=\u00a0\u00bb{}\u00a0\u00bb][et_pb_text _builder_version=\u00a0\u00bb4.23&Prime; text_font=\u00a0\u00bbMontserrat||||\u00a0\u00bb text_text_color=\u00a0\u00bb#000000&Prime; text_font_size=\u00a0\u00bb17px\u00a0\u00bb text_line_height=\u00a0\u00bb1.8em\u00a0\u00bb header_font=\u00a0\u00bb||||\u00a0\u00bb background_size=\u00a0\u00bbinitial\u00a0\u00bb background_position=\u00a0\u00bbtop_left\u00a0\u00bb background_repeat=\u00a0\u00bbrepeat\u00a0\u00bb text_orientation=\u00a0\u00bbcenter\u00a0\u00bb max_width=\u00a0\u00bb700px\u00a0\u00bb module_alignment=\u00a0\u00bbcenter\u00a0\u00bb animation_style=\u00a0\u00bbslide\u00a0\u00bb animation_direction=\u00a0\u00bbtop\u00a0\u00bb animation_intensity_slide=\u00a0\u00bb4%\u00a0\u00bb global_colors_info=\u00a0\u00bb{}\u00a0\u00bb]<\/p>\n<p style=\"text-align: justify;\">Vous le verrez par vous m\u00eame !<\/p>\n<p style=\"text-align: justify;\">Pousser les portes du Restaurant &#8211; P\u00e2tisserie Pomme Cactus \u00e0 Bordeaux ne se r\u00e9sume tout simplement pas \u00e0 vous restaurer.<\/p>\n<p style=\"text-align: justify;\">Il ne s&rsquo;agit pas non plus de \u00ab\u00a0seulement\u00a0\u00bb assouvir vos envies de gourmandise.<\/p>\n<p style=\"text-align: justify;\">Plus qu&rsquo;un restaurant, plus qu&rsquo;un lieu gourmand, vous allez d\u00e9couvrir un vrai univers.<\/p>\n<p style=\"text-align: justify;\">Un lieu qui a une \u00e2me. Loin du \u00ab\u00a0manges et casses-toi\u00a0\u00bb Pomme Cactus Bordeaux est une invitation \u00e0 la gourmandise, mais aussi au rire, au second degr\u00e9, \u00e0 la pause mentale le tout dans une ambiance amicale et bienveillante.<\/p>\n<p style=\"text-align: justify;\">L&rsquo;\u00e9quipe de Pomme Cactus \u00e0 Bordeaux met un pied d&rsquo;honneur \u00e0 vous donner le sourire, vous servir avec professionnaliseme et ferveur.<\/p>\n<p style=\"text-align: center;\"><span style=\"color: #49d4a9;\"><strong>Le but : que votre escapade gourmande soit une v\u00e9ritable bouff\u00e9e d&rsquo;oxyg\u00e8ne dans votre journ\u00e9e souvent surcharg\u00e9e.<\/strong><\/span><\/p>\n<p style=\"text-align: justify;\">Claire, Aurore et Emma mettent tout leur s\u00e9rieux et leur professionnalisme dans ce qu&rsquo;elle savent faire de mieux : Cuisiner, P\u00e2tisser et vous Accueillir avec ferveur).<\/p>\n<p style=\"text-align: justify;\">Mais elles n&rsquo;oublient pas que la vie est un jeu et que nous avons toutes et tous notre r\u00f4le \u00e0 jouer pour la rendre agr\u00e9able et gourmande !<\/p>\n<p style=\"text-align: justify;\">Donc, venez sans \u00e9tat d&rsquo;\u00e2me, venez nous raconter votre meilleure blague. Ne vous inqui\u00e9tez pas nous sommes bon public donc m\u00eame si elle n&rsquo;est pas dr\u00f4le nous risquons de rigoler !<\/p>\n<p style=\"text-align: center;\"><em><strong>Alors comme nous avons l&rsquo;habitude de le dire \u00e0 nos clients :\u00a0<\/strong><\/em><\/p>\n<p style=\"text-align: center;\"><em><strong>A vos Fourchettes,\u00a0<\/strong><\/em><\/p>\n<p style=\"text-align: center;\"><em><strong>Pr\u00eats,\u00a0<\/strong><\/em><\/p>\n<p style=\"text-align: center;\"><em><strong>Regalez-vous !<\/strong><\/em><\/p>\n<p>[\/et_pb_text][et_pb_text _builder_version=\u00a0\u00bb4.23&Prime; _module_preset=\u00a0\u00bbdefault\u00a0\u00bb text_font=\u00a0\u00bbArima Madurai||||||||\u00a0\u00bb text_text_color=\u00a0\u00bb#024959&Prime; header_2_text_color=\u00a0\u00bb#024959&Prime; header_2_font_size=\u00a0\u00bb28px\u00a0\u00bb global_colors_info=\u00a0\u00bb{}\u00a0\u00bb]<\/p>\n<h2 style=\"text-align: center;\">Pr\u00e9sentation de l&rsquo;\u00e9quipe Pomme Cactus Bordeaux<\/h2>\n<p>[\/et_pb_text][\/et_pb_column][\/et_pb_row][et_pb_row _builder_version=\u00a0\u00bb4.23&Prime; _module_preset=\u00a0\u00bbdefault\u00a0\u00bb global_colors_info=\u00a0\u00bb{}\u00a0\u00bb][et_pb_column type=\u00a0\u00bb4_4&Prime; _builder_version=\u00a0\u00bb4.23&Prime; _module_preset=\u00a0\u00bbdefault\u00a0\u00bb global_colors_info=\u00a0\u00bb{}\u00a0\u00bb][et_pb_image src=\u00a0\u00bbhttps:\/\/pommecactus-bordeaux.fr\/wp-content\/uploads\/2024\/04\/P1050542-1-scaled.jpg\u00a0\u00bb alt=\u00a0\u00bbCheffe Anne\u00a0\u00bb title_text=\u00a0\u00bbP1050542&Prime; align=\u00a0\u00bbcenter\u00a0\u00bb _builder_version=\u00a0\u00bb4.24.3&Prime; _module_preset=\u00a0\u00bbdefault\u00a0\u00bb width=\u00a0\u00bb70%\u00a0\u00bb border_radii=\u00a0\u00bbon|50px|50px|50px|50px\u00a0\u00bb global_colors_info=\u00a0\u00bb{}\u00a0\u00bb][\/et_pb_image][et_pb_text _builder_version=\u00a0\u00bb4.23&Prime; _module_preset=\u00a0\u00bbdefault\u00a0\u00bb text_font=\u00a0\u00bbArima Madurai||||||||\u00a0\u00bb text_text_color=\u00a0\u00bb#024959&Prime; header_2_text_color=\u00a0\u00bb#024959&Prime; header_2_font_size=\u00a0\u00bb28px\u00a0\u00bb global_colors_info=\u00a0\u00bb{}\u00a0\u00bb]<\/p>\n<h2 style=\"text-align: center;\">Anne, cheffe d&rsquo;orchestre et cheffe cuisini\u00e8re de Pomme Cactus Bordeaux<\/h2>\n<p>[\/et_pb_text][et_pb_text _builder_version=\u00a0\u00bb4.24.3&Prime; text_font=\u00a0\u00bbMontserrat||||\u00a0\u00bb text_text_color=\u00a0\u00bb#000000&Prime; text_font_size=\u00a0\u00bb17px\u00a0\u00bb text_line_height=\u00a0\u00bb1.8em\u00a0\u00bb header_font=\u00a0\u00bb||||\u00a0\u00bb background_size=\u00a0\u00bbinitial\u00a0\u00bb background_position=\u00a0\u00bbtop_left\u00a0\u00bb background_repeat=\u00a0\u00bbrepeat\u00a0\u00bb text_orientation=\u00a0\u00bbcenter\u00a0\u00bb max_width=\u00a0\u00bb700px\u00a0\u00bb module_alignment=\u00a0\u00bbcenter\u00a0\u00bb animation_style=\u00a0\u00bbslide\u00a0\u00bb animation_direction=\u00a0\u00bbtop\u00a0\u00bb animation_intensity_slide=\u00a0\u00bb4%\u00a0\u00bb global_colors_info=\u00a0\u00bb{}\u00a0\u00bb]<\/p>\n<p style=\"text-align: center;\"><span>Anne n&rsquo;est pas que la cuisini\u00e8re de Pomme Cactus puisqu&rsquo;elle est \u00e9galement la <\/span><span>g\u00e9rante de ce nouvel \u00e9tablissement.<\/span><br \/><span>Elle est<\/span><span> boulang\u00e8re\/p\u00e2tissi\u00e8re <\/span><span>de formation, et cheffe form\u00e9e en autodidacte depuis plus de 10 ans.<\/span><\/p>\n<p style=\"text-align: center;\"><span>Ce qu&rsquo;elle aime dans la cuisine c&rsquo;est de pouvoir travailler <\/span><span>des produits frais et de saison et surtout apporter de la <\/span><span>gourmandise et de la joie aux gens. Elle aime se <\/span><span>renouveler, trouver de nouvelles inspirations et se <\/span><span>challenger.<\/span><\/p>\n<p style=\"text-align: center;\"><span>Elle est l&rsquo;une des deux g\u00e9rantes de Pomme<\/span><br \/><span>Cactus \u00e0 Blanquefort avec Claire, qu&rsquo;elles ont ouvert il <\/span><span>y a 6 ans. Elle y a acquis un savoir-faire inimitable qui <\/span><span>saura \u00e0 coup s\u00fbr r\u00e9galer vos papilles !<\/span><\/p>\n<p>[\/et_pb_text][et_pb_button button_url=\u00a0\u00bbhttps:\/\/pommecactus-bordeaux.fr\/index.php\/nos-patisseries\/\u00a0\u00bb button_text=\u00a0\u00bbD\u00e9couvrir son univers gourmand\u00a0\u00bb button_alignment=\u00a0\u00bbcenter\u00a0\u00bb _builder_version=\u00a0\u00bb4.23&Prime; custom_button=\u00a0\u00bbon\u00a0\u00bb button_text_size=\u00a0\u00bb17px\u00a0\u00bb button_text_color=\u00a0\u00bb#ffffff\u00a0\u00bb button_bg_color=\u00a0\u00bb#49d4a9&Prime; button_border_width=\u00a0\u00bb2px\u00a0\u00bb button_border_color=\u00a0\u00bb#f6ea48&Prime; button_border_radius=\u00a0\u00bb0px\u00a0\u00bb button_letter_spacing=\u00a0\u00bb2px\u00a0\u00bb button_font=\u00a0\u00bbMontserrat|||on|\u00a0\u00bb button_use_icon=\u00a0\u00bboff\u00a0\u00bb animation_style=\u00a0\u00bbzoom\u00a0\u00bb animation_intensity_zoom=\u00a0\u00bb20%\u00a0\u00bb button_letter_spacing_hover=\u00a0\u00bb2px\u00a0\u00bb global_colors_info=\u00a0\u00bb{}\u00a0\u00bb button_text_size__hover_enabled=\u00a0\u00bboff\u00a0\u00bb button_one_text_size__hover_enabled=\u00a0\u00bboff\u00a0\u00bb button_two_text_size__hover_enabled=\u00a0\u00bboff\u00a0\u00bb button_text_color__hover_enabled=\u00a0\u00bboff\u00a0\u00bb button_one_text_color__hover_enabled=\u00a0\u00bboff\u00a0\u00bb button_two_text_color__hover_enabled=\u00a0\u00bboff\u00a0\u00bb button_border_width__hover_enabled=\u00a0\u00bboff\u00a0\u00bb button_one_border_width__hover_enabled=\u00a0\u00bboff\u00a0\u00bb button_two_border_width__hover_enabled=\u00a0\u00bboff\u00a0\u00bb button_border_color__hover_enabled=\u00a0\u00bboff\u00a0\u00bb button_one_border_color__hover_enabled=\u00a0\u00bboff\u00a0\u00bb button_two_border_color__hover_enabled=\u00a0\u00bboff\u00a0\u00bb button_border_radius__hover_enabled=\u00a0\u00bboff\u00a0\u00bb button_one_border_radius__hover_enabled=\u00a0\u00bboff\u00a0\u00bb button_two_border_radius__hover_enabled=\u00a0\u00bboff\u00a0\u00bb button_letter_spacing__hover_enabled=\u00a0\u00bbon\u00a0\u00bb button_letter_spacing__hover=\u00a0\u00bb2px\u00a0\u00bb button_one_letter_spacing__hover_enabled=\u00a0\u00bboff\u00a0\u00bb button_two_letter_spacing__hover_enabled=\u00a0\u00bboff\u00a0\u00bb button_bg_color__hover_enabled=\u00a0\u00bboff\u00a0\u00bb button_one_bg_color__hover_enabled=\u00a0\u00bboff\u00a0\u00bb button_two_bg_color__hover_enabled=\u00a0\u00bboff\u00a0\u00bb][\/et_pb_button][et_pb_image src=\u00a0\u00bbhttps:\/\/pommecactus-bordeaux.fr\/wp-content\/uploads\/2023\/12\/A7B02977-scaled.jpeg\u00a0\u00bb alt=\u00a0\u00bbEmma, le couteau suisse de Pomme Cactus Bordeaux \u00a0\u00bb title_text=\u00a0\u00bbA7B02977&Prime; align=\u00a0\u00bbcenter\u00a0\u00bb _builder_version=\u00a0\u00bb4.23&Prime; _module_preset=\u00a0\u00bbdefault\u00a0\u00bb width=\u00a0\u00bb51%\u00a0\u00bb border_radii=\u00a0\u00bbon|50px|50px|50px|50px\u00a0\u00bb global_colors_info=\u00a0\u00bb{}\u00a0\u00bb][\/et_pb_image][et_pb_text _builder_version=\u00a0\u00bb4.23&Prime; _module_preset=\u00a0\u00bbdefault\u00a0\u00bb text_font=\u00a0\u00bbArima Madurai||||||||\u00a0\u00bb text_text_color=\u00a0\u00bb#024959&Prime; header_2_text_color=\u00a0\u00bb#024959&Prime; header_2_font_size=\u00a0\u00bb28px\u00a0\u00bb global_colors_info=\u00a0\u00bb{}\u00a0\u00bb]<\/p>\n<h2 style=\"text-align: center;\">Emma, le couteau suisse de Pomme Cactus Bordeaux<\/h2>\n<p>[\/et_pb_text][et_pb_text _builder_version=\u00a0\u00bb4.24.3&Prime; text_font=\u00a0\u00bbMontserrat||||\u00a0\u00bb text_text_color=\u00a0\u00bb#000000&Prime; text_font_size=\u00a0\u00bb17px\u00a0\u00bb text_line_height=\u00a0\u00bb1.8em\u00a0\u00bb header_font=\u00a0\u00bb||||\u00a0\u00bb background_size=\u00a0\u00bbinitial\u00a0\u00bb background_position=\u00a0\u00bbtop_left\u00a0\u00bb background_repeat=\u00a0\u00bbrepeat\u00a0\u00bb text_orientation=\u00a0\u00bbcenter\u00a0\u00bb max_width=\u00a0\u00bb700px\u00a0\u00bb module_alignment=\u00a0\u00bbcenter\u00a0\u00bb animation_style=\u00a0\u00bbslide\u00a0\u00bb animation_direction=\u00a0\u00bbtop\u00a0\u00bb animation_intensity_slide=\u00a0\u00bb4%\u00a0\u00bb global_colors_info=\u00a0\u00bb{}\u00a0\u00bb]<\/p>\n<p style=\"text-align: center;\">Vous retrouverez Emma derri\u00e8re le comptoir et derri\u00e8re le t\u00e9l\u00e9phone, au service le midi et en train de g\u00e9rer la communication de Pomme Cactus le reste du temps !\u00a0<\/p>\n<p style=\"text-align: center;\"><span>Ce qu&rsquo;elle aime dans son travail c&rsquo;est sa polyvalence : cr\u00e9er du contenu pour les r\u00e9seaux sociaux, mettre en valeurs les cr\u00e9ations culinaires, \u00eatre au contact de la client\u00e8le et surtout faire vivre l&rsquo;esprit Pomme Cactus.<\/span><\/p>\n<p style=\"text-align: center;\"><span>Emma fait partie de l&rsquo;\u00e9quipe \u00e0 Blanquefort depuis les d\u00e9buts o\u00f9 elle a fait de nombreuses saisons. Elle a \u00e9galement commenc\u00e9 \u00e0 s&rsquo;occuper de la communcation du restaurant durant ses \u00e9tudes, qui mieux qu&rsquo;elle pour vous parler de Pomme Cactus ?<\/span><\/p>\n<p>[\/et_pb_text][\/et_pb_column][\/et_pb_row][\/et_pb_section]<\/p>\n","protected":false},"excerpt":{"rendered":"<p>A la rencontre du trio gourmands de Pomme Cactus BordeauxVous le verrez par vous m\u00eame ! Pousser les portes du Restaurant &#8211; P\u00e2tisserie Pomme Cactus \u00e0 Bordeaux ne se r\u00e9sume tout simplement pas \u00e0 vous restaurer. Il ne s&rsquo;agit pas non plus de \u00ab\u00a0seulement\u00a0\u00bb assouvir vos envies de gourmandise. Plus qu&rsquo;un restaurant, plus qu&rsquo;un lieu [&hellip;]<\/p>\n","protected":false},"author":1,"featured_media":0,"parent":0,"menu_order":0,"comment_status":"closed","ping_status":"closed","template":"","meta":{"_et_pb_use_builder":"on","_et_pb_old_content":"","_et_gb_content_width":"","footnotes":""},"class_list":["post-272","page","type-page","status-publish","hentry"],"yoast_head":"<!-- This site is optimized with the Yoast SEO plugin v21.5 - https:\/\/yoast.com\/wordpress\/plugins\/seo\/ -->\n<title>L&#039;\u00e9quipe Pomme Cactus Bordeaux<\/title>\n<meta name=\"description\" content=\"L&#039;\u00e9quipe Pomme Cactus Bordeaux, restaurant - p\u00e2tisserie qui se trouve au 4! cours d&#039;Albret 33 000 Bordeaux.\" \/>\n<meta name=\"robots\" content=\"index, follow, max-snippet:-1, max-image-preview:large, max-video-preview:-1\" \/>\n<link rel=\"canonical\" href=\"https:\/\/pommecactus-bordeaux.fr\/index.php\/notre-equipe\/\" \/>\n<meta property=\"og:locale\" content=\"fr_FR\" \/>\n<meta property=\"og:type\" content=\"article\" \/>\n<meta property=\"og:title\" content=\"L&#039;\u00e9quipe Pomme Cactus Bordeaux\" \/>\n<meta property=\"og:description\" content=\"L&#039;\u00e9quipe Pomme Cactus Bordeaux, restaurant - p\u00e2tisserie qui se trouve au 4! cours d&#039;Albret 33 000 Bordeaux.\" \/>\n<meta property=\"og:url\" content=\"https:\/\/pommecactus-bordeaux.fr\/index.php\/notre-equipe\/\" \/>\n<meta property=\"og:site_name\" content=\"Pomme Cactus Bordeaux\" \/>\n<meta property=\"article:modified_time\" content=\"2026-03-20T12:01:24+00:00\" \/>\n<meta name=\"twitter:card\" content=\"summary_large_image\" \/>\n<script type=\"application\/ld+json\" class=\"yoast-schema-graph\">{\"@context\":\"https:\/\/schema.org\",\"@graph\":[{\"@type\":\"WebPage\",\"@id\":\"https:\/\/pommecactus-bordeaux.fr\/index.php\/notre-equipe\/\",\"url\":\"https:\/\/pommecactus-bordeaux.fr\/index.php\/notre-equipe\/\",\"name\":\"L'\u00e9quipe Pomme Cactus Bordeaux\",\"isPartOf\":{\"@id\":\"https:\/\/pommecactus-bordeaux.fr\/#website\"},\"datePublished\":\"2023-12-06T23:06:56+00:00\",\"dateModified\":\"2026-03-20T12:01:24+00:00\",\"description\":\"L'\u00e9quipe Pomme Cactus Bordeaux, restaurant - p\u00e2tisserie qui se trouve au 4! cours d'Albret 33 000 Bordeaux.\",\"breadcrumb\":{\"@id\":\"https:\/\/pommecactus-bordeaux.fr\/index.php\/notre-equipe\/#breadcrumb\"},\"inLanguage\":\"fr-FR\",\"potentialAction\":[{\"@type\":\"ReadAction\",\"target\":[\"https:\/\/pommecactus-bordeaux.fr\/index.php\/notre-equipe\/\"]}]},{\"@type\":\"BreadcrumbList\",\"@id\":\"https:\/\/pommecactus-bordeaux.fr\/index.php\/notre-equipe\/#breadcrumb\",\"itemListElement\":[{\"@type\":\"ListItem\",\"position\":1,\"name\":\"Accueil\",\"item\":\"https:\/\/pommecactus-bordeaux.fr\/\"},{\"@type\":\"ListItem\",\"position\":2,\"name\":\"L&rsquo;\u00e9quipe\"}]},{\"@type\":\"WebSite\",\"@id\":\"https:\/\/pommecactus-bordeaux.fr\/#website\",\"url\":\"https:\/\/pommecactus-bordeaux.fr\/\",\"name\":\"Pomme Cactus Bordeaux\",\"description\":\"Manger vite et bien \u00e0 Bordeaux, c&#039;est possible\",\"potentialAction\":[{\"@type\":\"SearchAction\",\"target\":{\"@type\":\"EntryPoint\",\"urlTemplate\":\"https:\/\/pommecactus-bordeaux.fr\/?s={search_term_string}\"},\"query-input\":\"required name=search_term_string\"}],\"inLanguage\":\"fr-FR\"}]}<\/script>\n<!-- \/ Yoast SEO plugin. -->","yoast_head_json":{"title":"L'\u00e9quipe Pomme Cactus Bordeaux","description":"L'\u00e9quipe Pomme Cactus Bordeaux, restaurant - p\u00e2tisserie qui se trouve au 4! cours d'Albret 33 000 Bordeaux.","robots":{"index":"index","follow":"follow","max-snippet":"max-snippet:-1","max-image-preview":"max-image-preview:large","max-video-preview":"max-video-preview:-1"},"canonical":"https:\/\/pommecactus-bordeaux.fr\/index.php\/notre-equipe\/","og_locale":"fr_FR","og_type":"article","og_title":"L'\u00e9quipe Pomme Cactus Bordeaux","og_description":"L'\u00e9quipe Pomme Cactus Bordeaux, restaurant - p\u00e2tisserie qui se trouve au 4! cours d'Albret 33 000 Bordeaux.","og_url":"https:\/\/pommecactus-bordeaux.fr\/index.php\/notre-equipe\/","og_site_name":"Pomme Cactus Bordeaux","article_modified_time":"2026-03-20T12:01:24+00:00","twitter_card":"summary_large_image","schema":{"@context":"https:\/\/schema.org","@graph":[{"@type":"WebPage","@id":"https:\/\/pommecactus-bordeaux.fr\/index.php\/notre-equipe\/","url":"https:\/\/pommecactus-bordeaux.fr\/index.php\/notre-equipe\/","name":"L'\u00e9quipe Pomme Cactus Bordeaux","isPartOf":{"@id":"https:\/\/pommecactus-bordeaux.fr\/#website"},"datePublished":"2023-12-06T23:06:56+00:00","dateModified":"2026-03-20T12:01:24+00:00","description":"L'\u00e9quipe Pomme Cactus Bordeaux, restaurant - p\u00e2tisserie qui se trouve au 4! cours d'Albret 33 000 Bordeaux.","breadcrumb":{"@id":"https:\/\/pommecactus-bordeaux.fr\/index.php\/notre-equipe\/#breadcrumb"},"inLanguage":"fr-FR","potentialAction":[{"@type":"ReadAction","target":["https:\/\/pommecactus-bordeaux.fr\/index.php\/notre-equipe\/"]}]},{"@type":"BreadcrumbList","@id":"https:\/\/pommecactus-bordeaux.fr\/index.php\/notre-equipe\/#breadcrumb","itemListElement":[{"@type":"ListItem","position":1,"name":"Accueil","item":"https:\/\/pommecactus-bordeaux.fr\/"},{"@type":"ListItem","position":2,"name":"L&rsquo;\u00e9quipe"}]},{"@type":"WebSite","@id":"https:\/\/pommecactus-bordeaux.fr\/#website","url":"https:\/\/pommecactus-bordeaux.fr\/","name":"Pomme Cactus Bordeaux","description":"Manger vite et bien \u00e0 Bordeaux, c&#039;est possible","potentialAction":[{"@type":"SearchAction","target":{"@type":"EntryPoint","urlTemplate":"https:\/\/pommecactus-bordeaux.fr\/?s={search_term_string}"},"query-input":"required name=search_term_string"}],"inLanguage":"fr-FR"}]}},"_links":{"self":[{"href":"https:\/\/pommecactus-bordeaux.fr\/index.php\/wp-json\/wp\/v2\/pages\/272","targetHints":{"allow":["GET"]}}],"collection":[{"href":"https:\/\/pommecactus-bordeaux.fr\/index.php\/wp-json\/wp\/v2\/pages"}],"about":[{"href":"https:\/\/pommecactus-bordeaux.fr\/index.php\/wp-json\/wp\/v2\/types\/page"}],"author":[{"embeddable":true,"href":"https:\/\/pommecactus-bordeaux.fr\/index.php\/wp-json\/wp\/v2\/users\/1"}],"replies":[{"embeddable":true,"href":"https:\/\/pommecactus-bordeaux.fr\/index.php\/wp-json\/wp\/v2\/comments?post=272"}],"version-history":[{"count":12,"href":"https:\/\/pommecactus-bordeaux.fr\/index.php\/wp-json\/wp\/v2\/pages\/272\/revisions"}],"predecessor-version":[{"id":499,"href":"https:\/\/pommecactus-bordeaux.fr\/index.php\/wp-json\/wp\/v2\/pages\/272\/revisions\/499"}],"wp:attachment":[{"href":"https:\/\/pommecactus-bordeaux.fr\/index.php\/wp-json\/wp\/v2\/media?parent=272"}],"curies":[{"name":"wp","href":"https:\/\/api.w.org\/{rel}","templated":true}]}}